{"id":102,"date":"2024-06-09T05:12:52","date_gmt":"2024-06-09T05:12:52","guid":{"rendered":"http:\/\/careox-demo.local\/?page_id=102"},"modified":"2025-06-23T10:37:15","modified_gmt":"2025-06-23T08:37:15","slug":"news","status":"publish","type":"page","link":"https:\/\/hareja.org\/?page_id=102","title":{"rendered":"Lajme"},"content":{"rendered":"\t\t<div data-elementor-type=\"wp-page\" data-elementor-id=\"102\" class=\"elementor elementor-102\">\n\t\t\t\t<div class=\"elementor-element elementor-element-8daf292 e-con-full e-flex e-con e-parent\" data-id=\"8daf292\" data-element_type=\"container\">\n\t\t\t\t<div class=\"elementor-element elementor-element-3d33358 elementor-widget elementor-widget-careox-blog\" data-id=\"3d33358\" data-element_type=\"widget\" data-widget_type=\"careox-blog.default\">\n\t\t\t\t<div class=\"elementor-widget-container\">\n\t\t\t\t\t\t<section class=\"blog-one blog-one--page\">\r\n\t\t<div class=\"container\">\r\n\t\t\t<div class=\"row gutter-y-30\">\r\n\t\t\t\t\t\t\t\t\t<div class=\"col-md-6 col-lg-4\">\r\n\t\t\t\t\t\t<div class=\"blog-card wow fadeInUp\" data-wow-duration='1500ms' data-wow-delay='00ms'\r\n\t\t\t\t\t\t\tstyle='--accent-color: #ffa415;'>\r\n\t\t\t\t\t\t\t<div class=\"blog-card__image\">\r\n\t\t\t\t\t\t\t\t<img fetchpriority=\"high\" decoding=\"async\" width=\"370\" height=\"314\" src=\"https:\/\/hareja.org\/wp-content\/uploads\/2026\/03\/IMG_4205-370x314.jpeg\" class=\"attachment-careox_blog_370X314 size-careox_blog_370X314 wp-post-image\" alt=\"\" \/>\t\t\t\t\t\t\t\t<img fetchpriority=\"high\" decoding=\"async\" width=\"370\" height=\"314\" src=\"https:\/\/hareja.org\/wp-content\/uploads\/2026\/03\/IMG_4205-370x314.jpeg\" class=\"attachment-careox_blog_370X314 size-careox_blog_370X314 wp-post-image\" alt=\"\" \/>\t\t\t\t\t\t\t\t<a href=\"https:\/\/hareja.org\/?p=3817\" class=\"blog-card__image__link\"><\/a>\r\n\t\t\t\t\t\t\t\t<div class=\"blog-card__date\"><i class=\"icofont-ui-calendar\"><\/i>26 Mar 2026\t\t\t\t\t\t\t\t<\/div><!-- \/.blog-card__date -->\r\n\t\t\t\t\t\t\t<\/div><!-- \/.blog-card__image -->\r\n\t\t\t\t\t\t\t<div class=\"blog-card__content\">\r\n\t\t\t\t\t\t\t\t<ul class=\"list-unstyled blog-card__meta ml-0\">\r\n\t\t\t\t\t\t\t\t\t<li><a\r\n\t\t\t\t\t\t\t\t\t\t\thref=\"https:\/\/hareja.org\/?author=1\"><img decoding=\"async\" src=\"https:\/\/hareja.org\/wp-content\/uploads\/2025\/06\/5-150x150.png\" srcset=\"https:\/\/hareja.org\/wp-content\/uploads\/2025\/06\/5-150x150.png 2x\" width=\"32\" height=\"32\" alt=\"Avatar\" class=\"avatar avatar-32 wp-user-avatar wp-user-avatar-32 photo avatar-default\" \/>Hareja<\/a>\r\n\t\t\t\t\t\t\t\t\t<\/li>\r\n\t\t\t\t\t\t\t\t\t\t\t\t\t\t\t\t\t<\/ul><!-- \/.list-unstyled blog-card__meta -->\r\n\t\t\t\t\t\t\t\t<h3 class=\"blog-card__title\"><a href=\"https:\/\/hareja.org\/?p=3817\">Menaxheri i YALEC merr pjes\u00eb n\u00eb trajnim p\u00ebr platform\u00ebn EPALE \u2013 Mund\u00ebsi t\u00eb reja p\u00ebr partneritete nd\u00ebrkomb\u00ebtare<\/a><\/h3>\r\n\t\t\t\t\t\t\t\t<!-- \/.blog-card__title -->\r\n\t\t\t\t\t\t\t\t<p class=\"blog-card__text\">\r\n\t\t\t\t\t\t\t\t\tMenaxheri i YALEC merr pjes\u00eb n\u00eb trajnim p\u00ebr platform\u00ebn EPALE \u2013\t\t\t\t\t\t\t\t<\/p><!-- \/.blog-card__text -->\r\n\t\t\t\t\t\t\t\t<a href=\"https:\/\/hareja.org\/?p=3817\" class=\"blog-card__link\">\r\n\t\t\t\t\t\t\t\t\t<span\r\n\t\t\t\t\t\t\t\t\t\tclass=\"blog-card__link__front\"><span aria-hidden=\"true\" class=\"icofont-double-right\"><\/span><\/span>\r\n\t\t\t\t\t\t\t\t\t<span\r\n\t\t\t\t\t\t\t\t\t\tclass=\"blog-card__link__back\"><span aria-hidden=\"true\" class=\"icofont-double-right\"><\/span>Lexo lajmin<\/span>\r\n\t\t\t\t\t\t\t\t<\/a><!-- \/.blog-card__link -->\r\n\t\t\t\t\t\t\t<\/div><!-- \/.blog-card__content -->\r\n\t\t\t\t\t\t<\/div><!-- \/.blog-card -->\r\n\t\t\t\t\t<\/div><!-- \/.col-md-6 -->\r\n\t\t\t\t\t\t\t\t\t\t<div class=\"col-md-6 col-lg-4\">\r\n\t\t\t\t\t\t<div class=\"blog-card wow fadeInUp\" data-wow-duration='1500ms' data-wow-delay='00ms'\r\n\t\t\t\t\t\t\tstyle='--accent-color: #ffa415;'>\r\n\t\t\t\t\t\t\t<div class=\"blog-card__image\">\r\n\t\t\t\t\t\t\t\t<img decoding=\"async\" width=\"370\" height=\"314\" src=\"https:\/\/hareja.org\/wp-content\/uploads\/2026\/03\/IMG_4200-370x314.jpeg\" class=\"attachment-careox_blog_370X314 size-careox_blog_370X314 wp-post-image\" alt=\"\" \/>\t\t\t\t\t\t\t\t<img decoding=\"async\" width=\"370\" height=\"314\" src=\"https:\/\/hareja.org\/wp-content\/uploads\/2026\/03\/IMG_4200-370x314.jpeg\" class=\"attachment-careox_blog_370X314 size-careox_blog_370X314 wp-post-image\" alt=\"\" \/>\t\t\t\t\t\t\t\t<a href=\"https:\/\/hareja.org\/?p=3814\" class=\"blog-card__image__link\"><\/a>\r\n\t\t\t\t\t\t\t\t<div class=\"blog-card__date\"><i class=\"icofont-ui-calendar\"><\/i>24 Mar 2026\t\t\t\t\t\t\t\t<\/div><!-- \/.blog-card__date -->\r\n\t\t\t\t\t\t\t<\/div><!-- \/.blog-card__image -->\r\n\t\t\t\t\t\t\t<div class=\"blog-card__content\">\r\n\t\t\t\t\t\t\t\t<ul class=\"list-unstyled blog-card__meta ml-0\">\r\n\t\t\t\t\t\t\t\t\t<li><a\r\n\t\t\t\t\t\t\t\t\t\t\thref=\"https:\/\/hareja.org\/?author=1\"><img decoding=\"async\" src=\"https:\/\/hareja.org\/wp-content\/uploads\/2025\/06\/5-150x150.png\" srcset=\"https:\/\/hareja.org\/wp-content\/uploads\/2025\/06\/5-150x150.png 2x\" width=\"32\" height=\"32\" alt=\"Avatar\" class=\"avatar avatar-32 wp-user-avatar wp-user-avatar-32 photo avatar-default\" \/>Hareja<\/a>\r\n\t\t\t\t\t\t\t\t\t<\/li>\r\n\t\t\t\t\t\t\t\t\t\t\t\t\t\t\t\t\t<\/ul><!-- \/.list-unstyled blog-card__meta -->\r\n\t\t\t\t\t\t\t\t<h3 class=\"blog-card__title\"><a href=\"https:\/\/hareja.org\/?p=3814\">English Language Group at YALEC \u2013 Successful Progress and Engagement<\/a><\/h3>\r\n\t\t\t\t\t\t\t\t<!-- \/.blog-card__title -->\r\n\t\t\t\t\t\t\t\t<p class=\"blog-card__text\">\r\n\t\t\t\t\t\t\t\t\tEnglish Language Group at YALEC \u2013 Successful Progress and Engagement The\t\t\t\t\t\t\t\t<\/p><!-- \/.blog-card__text -->\r\n\t\t\t\t\t\t\t\t<a href=\"https:\/\/hareja.org\/?p=3814\" class=\"blog-card__link\">\r\n\t\t\t\t\t\t\t\t\t<span\r\n\t\t\t\t\t\t\t\t\t\tclass=\"blog-card__link__front\"><span aria-hidden=\"true\" class=\"icofont-double-right\"><\/span><\/span>\r\n\t\t\t\t\t\t\t\t\t<span\r\n\t\t\t\t\t\t\t\t\t\tclass=\"blog-card__link__back\"><span aria-hidden=\"true\" class=\"icofont-double-right\"><\/span>Lexo lajmin<\/span>\r\n\t\t\t\t\t\t\t\t<\/a><!-- \/.blog-card__link -->\r\n\t\t\t\t\t\t\t<\/div><!-- \/.blog-card__content -->\r\n\t\t\t\t\t\t<\/div><!-- \/.blog-card -->\r\n\t\t\t\t\t<\/div><!-- \/.col-md-6 -->\r\n\t\t\t\t\t\t\t\t\t\t<div class=\"col-md-6 col-lg-4\">\r\n\t\t\t\t\t\t<div class=\"blog-card wow fadeInUp\" data-wow-duration='1500ms' data-wow-delay='00ms'\r\n\t\t\t\t\t\t\tstyle='--accent-color: #ffa415;'>\r\n\t\t\t\t\t\t\t<div class=\"blog-card__image\">\r\n\t\t\t\t\t\t\t\t<img loading=\"lazy\" decoding=\"async\" width=\"370\" height=\"314\" src=\"https:\/\/hareja.org\/wp-content\/uploads\/2026\/03\/IMG_4195-370x314.jpeg\" class=\"attachment-careox_blog_370X314 size-careox_blog_370X314 wp-post-image\" alt=\"\" \/>\t\t\t\t\t\t\t\t<img loading=\"lazy\" decoding=\"async\" width=\"370\" height=\"314\" src=\"https:\/\/hareja.org\/wp-content\/uploads\/2026\/03\/IMG_4195-370x314.jpeg\" class=\"attachment-careox_blog_370X314 size-careox_blog_370X314 wp-post-image\" alt=\"\" \/>\t\t\t\t\t\t\t\t<a href=\"https:\/\/hareja.org\/?p=3802\" class=\"blog-card__image__link\"><\/a>\r\n\t\t\t\t\t\t\t\t<div class=\"blog-card__date\"><i class=\"icofont-ui-calendar\"><\/i>24 Mar 2026\t\t\t\t\t\t\t\t<\/div><!-- \/.blog-card__date -->\r\n\t\t\t\t\t\t\t<\/div><!-- \/.blog-card__image -->\r\n\t\t\t\t\t\t\t<div class=\"blog-card__content\">\r\n\t\t\t\t\t\t\t\t<ul class=\"list-unstyled blog-card__meta ml-0\">\r\n\t\t\t\t\t\t\t\t\t<li><a\r\n\t\t\t\t\t\t\t\t\t\t\thref=\"https:\/\/hareja.org\/?author=1\"><img decoding=\"async\" src=\"https:\/\/hareja.org\/wp-content\/uploads\/2025\/06\/5-150x150.png\" srcset=\"https:\/\/hareja.org\/wp-content\/uploads\/2025\/06\/5-150x150.png 2x\" width=\"32\" height=\"32\" alt=\"Avatar\" class=\"avatar avatar-32 wp-user-avatar wp-user-avatar-32 photo avatar-default\" \/>Hareja<\/a>\r\n\t\t\t\t\t\t\t\t\t<\/li>\r\n\t\t\t\t\t\t\t\t\t\t\t\t\t\t\t\t\t<\/ul><!-- \/.list-unstyled blog-card__meta -->\r\n\t\t\t\t\t\t\t\t<h3 class=\"blog-card__title\"><a href=\"https:\/\/hareja.org\/?p=3802\">P\u00ebrfundimi i suksessh\u00ebm i Grupit t\u00eb Dyt\u00eb \u2013 Kursi Aerobik dhe Edukim Sh\u00ebndet\u00ebsor<\/a><\/h3>\r\n\t\t\t\t\t\t\t\t<!-- \/.blog-card__title -->\r\n\t\t\t\t\t\t\t\t<p class=\"blog-card__text\">\r\n\t\t\t\t\t\t\t\t\tGrupi i dyt\u00eb i pjes\u00ebmarr\u00ebsve n\u00eb kursin \u201cAerobik dhe Edukim Sh\u00ebndet\u00ebsor\u201d\t\t\t\t\t\t\t\t<\/p><!-- \/.blog-card__text -->\r\n\t\t\t\t\t\t\t\t<a href=\"https:\/\/hareja.org\/?p=3802\" class=\"blog-card__link\">\r\n\t\t\t\t\t\t\t\t\t<span\r\n\t\t\t\t\t\t\t\t\t\tclass=\"blog-card__link__front\"><span aria-hidden=\"true\" class=\"icofont-double-right\"><\/span><\/span>\r\n\t\t\t\t\t\t\t\t\t<span\r\n\t\t\t\t\t\t\t\t\t\tclass=\"blog-card__link__back\"><span aria-hidden=\"true\" class=\"icofont-double-right\"><\/span>Lexo lajmin<\/span>\r\n\t\t\t\t\t\t\t\t<\/a><!-- \/.blog-card__link -->\r\n\t\t\t\t\t\t\t<\/div><!-- \/.blog-card__content -->\r\n\t\t\t\t\t\t<\/div><!-- \/.blog-card -->\r\n\t\t\t\t\t<\/div><!-- \/.col-md-6 -->\r\n\t\t\t\t\t\t\t\t\t\t<div class=\"col-md-6 col-lg-4\">\r\n\t\t\t\t\t\t<div class=\"blog-card wow fadeInUp\" data-wow-duration='1500ms' data-wow-delay='00ms'\r\n\t\t\t\t\t\t\tstyle='--accent-color: #ffa415;'>\r\n\t\t\t\t\t\t\t<div class=\"blog-card__image\">\r\n\t\t\t\t\t\t\t\t<img loading=\"lazy\" decoding=\"async\" width=\"370\" height=\"314\" src=\"https:\/\/hareja.org\/wp-content\/uploads\/2026\/03\/IMG_4185-370x314.jpeg\" class=\"attachment-careox_blog_370X314 size-careox_blog_370X314 wp-post-image\" alt=\"\" \/>\t\t\t\t\t\t\t\t<img loading=\"lazy\" decoding=\"async\" width=\"370\" height=\"314\" src=\"https:\/\/hareja.org\/wp-content\/uploads\/2026\/03\/IMG_4185-370x314.jpeg\" class=\"attachment-careox_blog_370X314 size-careox_blog_370X314 wp-post-image\" alt=\"\" \/>\t\t\t\t\t\t\t\t<a href=\"https:\/\/hareja.org\/?p=3794\" class=\"blog-card__image__link\"><\/a>\r\n\t\t\t\t\t\t\t\t<div class=\"blog-card__date\"><i class=\"icofont-ui-calendar\"><\/i>23 Mar 2026\t\t\t\t\t\t\t\t<\/div><!-- \/.blog-card__date -->\r\n\t\t\t\t\t\t\t<\/div><!-- \/.blog-card__image -->\r\n\t\t\t\t\t\t\t<div class=\"blog-card__content\">\r\n\t\t\t\t\t\t\t\t<ul class=\"list-unstyled blog-card__meta ml-0\">\r\n\t\t\t\t\t\t\t\t\t<li><a\r\n\t\t\t\t\t\t\t\t\t\t\thref=\"https:\/\/hareja.org\/?author=1\"><img decoding=\"async\" src=\"https:\/\/hareja.org\/wp-content\/uploads\/2025\/06\/5-150x150.png\" srcset=\"https:\/\/hareja.org\/wp-content\/uploads\/2025\/06\/5-150x150.png 2x\" width=\"32\" height=\"32\" alt=\"Avatar\" class=\"avatar avatar-32 wp-user-avatar wp-user-avatar-32 photo avatar-default\" \/>Hareja<\/a>\r\n\t\t\t\t\t\t\t\t\t<\/li>\r\n\t\t\t\t\t\t\t\t\t\t\t\t\t\t\t\t\t<\/ul><!-- \/.list-unstyled blog-card__meta -->\r\n\t\t\t\t\t\t\t\t<h3 class=\"blog-card__title\"><a href=\"https:\/\/hareja.org\/?p=3794\">\ud83c\udf89 Me sukses u p\u00ebrmbyll kursi \u201cAerobik dhe Edukim Sh\u00ebndet\u00ebsor\u201d!<\/a><\/h3>\r\n\t\t\t\t\t\t\t\t<!-- \/.blog-card__title -->\r\n\t\t\t\t\t\t\t\t<p class=\"blog-card__text\">\r\n\t\t\t\t\t\t\t\t\t\ud83c\udf89 Me sukses u p\u00ebrmbyll kursi \u201cAerobik dhe Edukim Sh\u00ebndet\u00ebsor\u201d! OJQ\t\t\t\t\t\t\t\t<\/p><!-- \/.blog-card__text -->\r\n\t\t\t\t\t\t\t\t<a href=\"https:\/\/hareja.org\/?p=3794\" class=\"blog-card__link\">\r\n\t\t\t\t\t\t\t\t\t<span\r\n\t\t\t\t\t\t\t\t\t\tclass=\"blog-card__link__front\"><span aria-hidden=\"true\" class=\"icofont-double-right\"><\/span><\/span>\r\n\t\t\t\t\t\t\t\t\t<span\r\n\t\t\t\t\t\t\t\t\t\tclass=\"blog-card__link__back\"><span aria-hidden=\"true\" class=\"icofont-double-right\"><\/span>Lexo lajmin<\/span>\r\n\t\t\t\t\t\t\t\t<\/a><!-- \/.blog-card__link -->\r\n\t\t\t\t\t\t\t<\/div><!-- \/.blog-card__content -->\r\n\t\t\t\t\t\t<\/div><!-- \/.blog-card -->\r\n\t\t\t\t\t<\/div><!-- \/.col-md-6 -->\r\n\t\t\t\t\t\t\t\t\t\t<div class=\"col-md-6 col-lg-4\">\r\n\t\t\t\t\t\t<div class=\"blog-card wow fadeInUp\" data-wow-duration='1500ms' data-wow-delay='00ms'\r\n\t\t\t\t\t\t\tstyle='--accent-color: #ffa415;'>\r\n\t\t\t\t\t\t\t<div class=\"blog-card__image\">\r\n\t\t\t\t\t\t\t\t<img loading=\"lazy\" decoding=\"async\" width=\"370\" height=\"314\" src=\"https:\/\/hareja.org\/wp-content\/uploads\/2026\/03\/IMG_4136-370x314.jpeg\" class=\"attachment-careox_blog_370X314 size-careox_blog_370X314 wp-post-image\" alt=\"\" \/>\t\t\t\t\t\t\t\t<img loading=\"lazy\" decoding=\"async\" width=\"370\" height=\"314\" src=\"https:\/\/hareja.org\/wp-content\/uploads\/2026\/03\/IMG_4136-370x314.jpeg\" class=\"attachment-careox_blog_370X314 size-careox_blog_370X314 wp-post-image\" alt=\"\" \/>\t\t\t\t\t\t\t\t<a href=\"https:\/\/hareja.org\/?p=3778\" class=\"blog-card__image__link\"><\/a>\r\n\t\t\t\t\t\t\t\t<div class=\"blog-card__date\"><i class=\"icofont-ui-calendar\"><\/i>07 Mar 2026\t\t\t\t\t\t\t\t<\/div><!-- \/.blog-card__date -->\r\n\t\t\t\t\t\t\t<\/div><!-- \/.blog-card__image -->\r\n\t\t\t\t\t\t\t<div class=\"blog-card__content\">\r\n\t\t\t\t\t\t\t\t<ul class=\"list-unstyled blog-card__meta ml-0\">\r\n\t\t\t\t\t\t\t\t\t<li><a\r\n\t\t\t\t\t\t\t\t\t\t\thref=\"https:\/\/hareja.org\/?author=1\"><img decoding=\"async\" src=\"https:\/\/hareja.org\/wp-content\/uploads\/2025\/06\/5-150x150.png\" srcset=\"https:\/\/hareja.org\/wp-content\/uploads\/2025\/06\/5-150x150.png 2x\" width=\"32\" height=\"32\" alt=\"Avatar\" class=\"avatar avatar-32 wp-user-avatar wp-user-avatar-32 photo avatar-default\" \/>Hareja<\/a>\r\n\t\t\t\t\t\t\t\t\t<\/li>\r\n\t\t\t\t\t\t\t\t\t\t\t\t\t\t\t\t\t<\/ul><!-- \/.list-unstyled blog-card__meta -->\r\n\t\t\t\t\t\t\t\t<h3 class=\"blog-card__title\"><a href=\"https:\/\/hareja.org\/?p=3778\">P\u00ebrfundon me sukses testi final i kursit t\u00eb gjuh\u00ebs gjermane \u2013 Niveli A1<\/a><\/h3>\r\n\t\t\t\t\t\t\t\t<!-- \/.blog-card__title -->\r\n\t\t\t\t\t\t\t\t<p class=\"blog-card__text\">\r\n\t\t\t\t\t\t\t\t\tP\u00ebrfundon me sukses testi final i kursit t\u00eb gjuh\u00ebs gjermane \u2013\t\t\t\t\t\t\t\t<\/p><!-- \/.blog-card__text -->\r\n\t\t\t\t\t\t\t\t<a href=\"https:\/\/hareja.org\/?p=3778\" class=\"blog-card__link\">\r\n\t\t\t\t\t\t\t\t\t<span\r\n\t\t\t\t\t\t\t\t\t\tclass=\"blog-card__link__front\"><span aria-hidden=\"true\" class=\"icofont-double-right\"><\/span><\/span>\r\n\t\t\t\t\t\t\t\t\t<span\r\n\t\t\t\t\t\t\t\t\t\tclass=\"blog-card__link__back\"><span aria-hidden=\"true\" class=\"icofont-double-right\"><\/span>Lexo lajmin<\/span>\r\n\t\t\t\t\t\t\t\t<\/a><!-- \/.blog-card__link -->\r\n\t\t\t\t\t\t\t<\/div><!-- \/.blog-card__content -->\r\n\t\t\t\t\t\t<\/div><!-- \/.blog-card -->\r\n\t\t\t\t\t<\/div><!-- \/.col-md-6 -->\r\n\t\t\t\t\t\t\t\t\t\t<div class=\"col-md-6 col-lg-4\">\r\n\t\t\t\t\t\t<div class=\"blog-card wow fadeInUp\" data-wow-duration='1500ms' data-wow-delay='00ms'\r\n\t\t\t\t\t\t\tstyle='--accent-color: #ffa415;'>\r\n\t\t\t\t\t\t\t<div class=\"blog-card__image\">\r\n\t\t\t\t\t\t\t\t\t\t\t\t\t\t\t\t\t\t\t\t\t\t\t\t<a href=\"https:\/\/hareja.org\/?p=3775\" class=\"blog-card__image__link\"><\/a>\r\n\t\t\t\t\t\t\t\t<div class=\"blog-card__date\"><i class=\"icofont-ui-calendar\"><\/i>06 Mar 2026\t\t\t\t\t\t\t\t<\/div><!-- \/.blog-card__date -->\r\n\t\t\t\t\t\t\t<\/div><!-- \/.blog-card__image -->\r\n\t\t\t\t\t\t\t<div class=\"blog-card__content\">\r\n\t\t\t\t\t\t\t\t<ul class=\"list-unstyled blog-card__meta ml-0\">\r\n\t\t\t\t\t\t\t\t\t<li><a\r\n\t\t\t\t\t\t\t\t\t\t\thref=\"https:\/\/hareja.org\/?author=1\"><img decoding=\"async\" src=\"https:\/\/hareja.org\/wp-content\/uploads\/2025\/06\/5-150x150.png\" srcset=\"https:\/\/hareja.org\/wp-content\/uploads\/2025\/06\/5-150x150.png 2x\" width=\"32\" height=\"32\" alt=\"Avatar\" class=\"avatar avatar-32 wp-user-avatar wp-user-avatar-32 photo avatar-default\" \/>Hareja<\/a>\r\n\t\t\t\t\t\t\t\t\t<\/li>\r\n\t\t\t\t\t\t\t\t\t\t\t\t\t\t\t\t\t<\/ul><!-- \/.list-unstyled blog-card__meta -->\r\n\t\t\t\t\t\t\t\t<h3 class=\"blog-card__title\"><a href=\"https:\/\/hareja.org\/?p=3775\">Kursi i rrobaqep\u00ebsis\u00eb po vazhdon me interesim t\u00eb lart\u00eb n\u00eb YALEC Vushtrri.<\/a><\/h3>\r\n\t\t\t\t\t\t\t\t<!-- \/.blog-card__title -->\r\n\t\t\t\t\t\t\t\t<p class=\"blog-card__text\">\r\n\t\t\t\t\t\t\t\t\tKursi i rrobaqep\u00ebsis\u00eb po vazhdon me interesim t\u00eb lart\u00eb n\u00eb YALEC\t\t\t\t\t\t\t\t<\/p><!-- \/.blog-card__text -->\r\n\t\t\t\t\t\t\t\t<a href=\"https:\/\/hareja.org\/?p=3775\" class=\"blog-card__link\">\r\n\t\t\t\t\t\t\t\t\t<span\r\n\t\t\t\t\t\t\t\t\t\tclass=\"blog-card__link__front\"><span aria-hidden=\"true\" class=\"icofont-double-right\"><\/span><\/span>\r\n\t\t\t\t\t\t\t\t\t<span\r\n\t\t\t\t\t\t\t\t\t\tclass=\"blog-card__link__back\"><span aria-hidden=\"true\" class=\"icofont-double-right\"><\/span>Lexo lajmin<\/span>\r\n\t\t\t\t\t\t\t\t<\/a><!-- \/.blog-card__link -->\r\n\t\t\t\t\t\t\t<\/div><!-- \/.blog-card__content -->\r\n\t\t\t\t\t\t<\/div><!-- \/.blog-card -->\r\n\t\t\t\t\t<\/div><!-- \/.col-md-6 -->\r\n\t\t\t\t\t\t\t\t\t\t\t\t\t\t<div class=\"col-lg-12\">\r\n\t\t\t\t\t\t<div class=\"blog-pagination portfolio-page__btn-box justify-content-center text-center\">\r\n\t\t\t\t\t\t\t<span class=\"page-numbers current\">1<\/span>\n<a class=\"page-numbers\" href=\"https:\/\/hareja.org\/index.php?rest_route=%2Fwp%2Fv2%2Fpages%2F102&#038;paged=2\">2<\/a>\n<span class=\"page-numbers dots\">&hellip;<\/span>\n<a class=\"page-numbers\" href=\"https:\/\/hareja.org\/index.php?rest_route=%2Fwp%2Fv2%2Fpages%2F102&#038;paged=9\">9<\/a>\n<a class=\"next page-numbers\" href=\"https:\/\/hareja.org\/index.php?rest_route=%2Fwp%2Fv2%2Fpages%2F102&#038;paged=2\"><i class=\"fa fa-angle-right\"><\/i><\/a>\t\t\t\t\t\t<\/div><!-- \/.blog-post-pagination -->\r\n\t\t\t\t\t<\/div><!-- \/.col-lg-12 -->\r\n\t\t\t\t\t\t\t\t\t\t\t<\/div><!-- \/.row -->\r\n\t\t<\/div><!-- \/.container -->\r\n\t<\/section><!-- \/.blog-one blog-one--page -->\r\n\t\t\t\t<\/div>\n\t\t\t\t<\/div>\n\t\t\t\t<\/div>\n\t\t\t\t<\/div>\n\t\t","protected":false},"excerpt":{"rendered":"<p>20 Jun 2025 Hareja Inaugurohet YALEC Vushtrri \u2013 Qendra p\u00ebr Arsimin e t\u00eb Rinjve dhe t\u00eb Rriturve M\u00eb 10 qershor 2025 u b\u00eb inaugurimi zyrtar i Qendr\u00ebs p\u00ebr Lexo lajmin 20 Jun 2025 Hareja N\u00ebnshkruhet kontrata p\u00ebr hapjen e YALEC n\u00eb Vushtrri Qendra Rinore \u201cHareja\u201d, me mb\u00ebshtetjen e DVV International nga Gjermania, ka Lexo lajmin [&hellip;]<\/p>\n","protected":false},"author":1,"featured_media":0,"parent":0,"menu_order":0,"comment_status":"closed","ping_status":"closed","template":"elementor_header_footer","meta":{"footnotes":""},"class_list":["post-102","page","type-page","status-publish","hentry"],"aioseo_notices":[],"_links":{"self":[{"href":"https:\/\/hareja.org\/index.php?rest_route=\/wp\/v2\/pages\/102","targetHints":{"allow":["GET"]}}],"collection":[{"href":"https:\/\/hareja.org\/index.php?rest_route=\/wp\/v2\/pages"}],"about":[{"href":"https:\/\/hareja.org\/index.php?rest_route=\/wp\/v2\/types\/page"}],"author":[{"embeddable":true,"href":"https:\/\/hareja.org\/index.php?rest_route=\/wp\/v2\/users\/1"}],"replies":[{"embeddable":true,"href":"https:\/\/hareja.org\/index.php?rest_route=%2Fwp%2Fv2%2Fcomments&post=102"}],"version-history":[{"count":5,"href":"https:\/\/hareja.org\/index.php?rest_route=\/wp\/v2\/pages\/102\/revisions"}],"predecessor-version":[{"id":3156,"href":"https:\/\/hareja.org\/index.php?rest_route=\/wp\/v2\/pages\/102\/revisions\/3156"}],"wp:attachment":[{"href":"https:\/\/hareja.org\/index.php?rest_route=%2Fwp%2Fv2%2Fmedia&parent=102"}],"curies":[{"name":"wp","href":"https:\/\/api.w.org\/{rel}","templated":true}]}}