{"id":106,"date":"2024-06-09T05:13:30","date_gmt":"2024-06-09T05:13:30","guid":{"rendered":"http:\/\/careox-demo.local\/?page_id=106"},"modified":"2025-06-23T10:35:15","modified_gmt":"2025-06-23T08:35:15","slug":"contact","status":"publish","type":"page","link":"https:\/\/hareja.org\/?page_id=106","title":{"rendered":"Kontakti"},"content":{"rendered":"\t\t<div data-elementor-type=\"wp-page\" data-elementor-id=\"106\" class=\"elementor elementor-106\">\n\t\t\t\t<div class=\"elementor-element elementor-element-1bff14b e-con-full e-flex e-con e-parent\" data-id=\"1bff14b\" data-element_type=\"container\">\n\t\t\t\t<div class=\"elementor-element elementor-element-7f04fe3 elementor-widget elementor-widget-careox-contact-form\" data-id=\"7f04fe3\" data-element_type=\"widget\" data-widget_type=\"careox-contact-form.default\">\n\t\t\t\t<div class=\"elementor-widget-container\">\n\t\t\t\t\t\t<section class=\"contact-one contact-one--page\">\r\n\t\t\t\t\t<div class=\"contact-one__shape\" style=\"background-image: url(https:\/\/hareja.org\/wp-content\/uploads\/2024\/06\/contact-1-shape-2-1.png);\"><\/div>\r\n\t\t\t\t<div class=\"container\">\r\n\t\t\t<div class=\"row\">\r\n\t\t\t\t<div class=\"col-xl-5\">\r\n\t\t\t\t\t<div class=\"contact-one__image\">\r\n\t\t\t\t\t\t\t\t\t\t\t\t\t<div class=\"contact-one__image__shape\" style=\"background-image: url(https:\/\/hareja.org\/wp-content\/uploads\/2024\/06\/contact-1-shape-1-1.png);\"><\/div>\r\n\t\t\t\t\t\t\r\n\t\t\t\t\t\t<img decoding=\"async\" src=\"https:\/\/hareja.org\/wp-content\/uploads\/2025\/06\/123.png\" alt=\"123\" title=\"123\" >\r\n\t\t\t\t\t\t<div class=\"contact-one__image__icon\"><img decoding=\"async\" src=\"https:\/\/hareja.org\/wp-content\/uploads\/2025\/06\/1-1.png\" alt=\"1\" title=\"1\" ><\/div>\r\n\t\t\t\t\t\t<div class=\"contact-one__image__info\">\r\n\t\t\t\t\t\t\t<div class=\"contact-one__image__info__icon\"><i aria-hidden=\"true\" class=\"icofont-phone-circle\"><\/i><\/div>\r\n\t\t\t\t\t\t\t<p class=\"contact-one__image__info__title\">Numri i telefonit<\/p>\r\n\t\t\t\t\t\t\t<p class=\"contact-one__image__info__text\"><a href=\"tel:+38344174029\">+38344174029<\/a><\/p>\r\n\t\t\t\t\t\t<\/div>\r\n\t\t\t\t\t<\/div>\r\n\t\t\t\t<\/div><!-- \/.col-xl-5 -->\r\n\t\t\t\t<div class=\"col-xl-7\">\r\n\t\t\t\t\t<div class=\"contact-one__form contact-form-validated form-one wow fadeInUp\" data-wow-duration=\"1500ms\">\r\n\t\t\t\t\t\t\t\t\t\t\t\t\t<div class=\"sec-title text-left\">\r\n\t\t\t\t\t\t\t\t\t\t\t\t\t\t\t\t\t<h6 class=\"sec-title__tagline bw-split-in-right\"><span class=\"sec-title__tagline__border\"><\/span>KONTAKTI<\/h6><!-- \/.sec-title__tagline -->\r\n\t\t\t\t\t\t\t\t\t\t\t\t\t\t\t\t\t\t\t\t\t\t\t\t\t<h3 class=\"sec-title__title bw-split-in-left\">Mos hezitoni t\u00eb na kontaktoni <br><\/h3><!-- \/.sec-title__title -->\r\n\t\t\t\t\t\t\t\t\t\t\t\t\t\t\t<\/div><!-- \/.sec-title -->\r\n\t\t\t\t\t\t\t\t\t\t\t\t\t\t\t\t\t\t\t<p class=\"contact-one__text\">\r\n\t\t\t\t\t\t\t\tN\u00ebse d\u00ebshironi t\u00eb b\u00ebheni pjes\u00eb vullnetare e aktiviteteve tona, keni ndonj\u00eb sugjerim apo kritik\u00eb, ju ftojm\u00eb t\u00eb na kontaktoni p\u00ebrmes platform\u00ebs s\u00eb m\u00ebposhtme!\t\t\t\t\t\t\t<\/p>\r\n\t\t\t\t\t\t\t\t\t\t\t\t<div class=\"wpcf7 no-js\" id=\"wpcf7-f3040-o1\" lang=\"en-US\" dir=\"ltr\" data-wpcf7-id=\"3040\">\n<div class=\"screen-reader-response\"><p role=\"status\" aria-live=\"polite\" aria-atomic=\"true\"><\/p> <ul><\/ul><\/div>\n<form action=\"\/index.php?rest_route=%2Fwp%2Fv2%2Fpages%2F106#wpcf7-f3040-o1\" method=\"post\" class=\"wpcf7-form init\" aria-label=\"Contact form\" novalidate=\"novalidate\" data-status=\"init\">\n<fieldset class=\"hidden-fields-container\"><input type=\"hidden\" name=\"_wpcf7\" value=\"3040\" \/><input type=\"hidden\" name=\"_wpcf7_version\" value=\"6.1\" \/><input type=\"hidden\" name=\"_wpcf7_locale\" value=\"en_US\" \/><input type=\"hidden\" name=\"_wpcf7_unit_tag\" value=\"wpcf7-f3040-o1\" \/><input type=\"hidden\" name=\"_wpcf7_container_post\" value=\"0\" \/><input type=\"hidden\" name=\"_wpcf7_posted_data_hash\" value=\"\" \/>\n<\/fieldset>\n<label> Emri & Mbiemri\n    <span class=\"wpcf7-form-control-wrap\" data-name=\"your-name\"><input size=\"40\" maxlength=\"400\" class=\"wpcf7-form-control wpcf7-text wpcf7-validates-as-required\" autocomplete=\"name\" aria-required=\"true\" aria-invalid=\"false\" value=\"\" type=\"text\" name=\"your-name\" \/><\/span> <\/label>\n\n<label> Emaili\n    <span class=\"wpcf7-form-control-wrap\" data-name=\"your-email\"><input size=\"40\" maxlength=\"400\" class=\"wpcf7-form-control wpcf7-email wpcf7-validates-as-required wpcf7-text wpcf7-validates-as-email\" autocomplete=\"email\" aria-required=\"true\" aria-invalid=\"false\" value=\"\" type=\"email\" name=\"your-email\" \/><\/span> <\/label>\n\n<label> Titulli\n    <span class=\"wpcf7-form-control-wrap\" data-name=\"your-subject\"><input size=\"40\" maxlength=\"400\" class=\"wpcf7-form-control wpcf7-text wpcf7-validates-as-required\" aria-required=\"true\" aria-invalid=\"false\" value=\"\" type=\"text\" name=\"your-subject\" \/><\/span> <\/label>\n\n<label> Mesazhi\n    <span class=\"wpcf7-form-control-wrap\" data-name=\"your-message\"><textarea cols=\"40\" rows=\"10\" maxlength=\"2000\" class=\"wpcf7-form-control wpcf7-textarea\" aria-invalid=\"false\" name=\"your-message\"><\/textarea><\/span> <\/label>\n\n\n<input class=\"wpcf7-form-control wpcf7-submit has-spinner\" type=\"submit\" value=\"D\u00ebrgo\" \/><p style=\"display: none !important;\" class=\"akismet-fields-container\" data-prefix=\"_wpcf7_ak_\"><label>&#916;<textarea name=\"_wpcf7_ak_hp_textarea\" cols=\"45\" rows=\"8\" maxlength=\"100\"><\/textarea><\/label><input type=\"hidden\" id=\"ak_js_1\" name=\"_wpcf7_ak_js\" value=\"245\"\/><script>document.getElementById( \"ak_js_1\" ).setAttribute( \"value\", ( new Date() ).getTime() );<\/script><\/p><div class=\"wpcf7-response-output\" aria-hidden=\"true\"><\/div>\n<\/form>\n<\/div>\t\t\t\t\t<\/div>\r\n\t\t\t\t<\/div><!-- \/.col-xl-7 -->\r\n\t\t\t<\/div><!-- \/.row -->\r\n\t\t<\/div><!-- \/.container -->\r\n\t<\/section><!-- \/.contact-one -->\r\n\t\t\t\t<\/div>\n\t\t\t\t<\/div>\n\t\t\t\t<\/div>\n\t\t\t\t<\/div>\n\t\t","protected":false},"excerpt":{"rendered":"<p>Numri i telefonit +38344174029 KONTAKTI Mos hezitoni t\u00eb na kontaktoni N\u00ebse d\u00ebshironi t\u00eb b\u00ebheni pjes\u00eb vullnetare e aktiviteteve tona, keni ndonj\u00eb sugjerim apo kritik\u00eb, ju ftojm\u00eb t\u00eb na kontaktoni p\u00ebrmes platform\u00ebs s\u00eb m\u00ebposhtme! Emri &#038; Mbiemri Emaili Titulli Mesazhi &#916;<\/p>\n","protected":false},"author":1,"featured_media":0,"parent":0,"menu_order":0,"comment_status":"closed","ping_status":"closed","template":"elementor_header_footer","meta":{"footnotes":""},"class_list":["post-106","page","type-page","status-publish","hentry"],"aioseo_notices":[],"_links":{"self":[{"href":"https:\/\/hareja.org\/index.php?rest_route=\/wp\/v2\/pages\/106","targetHints":{"allow":["GET"]}}],"collection":[{"href":"https:\/\/hareja.org\/index.php?rest_route=\/wp\/v2\/pages"}],"about":[{"href":"https:\/\/hareja.org\/index.php?rest_route=\/wp\/v2\/types\/page"}],"author":[{"embeddable":true,"href":"https:\/\/hareja.org\/index.php?rest_route=\/wp\/v2\/users\/1"}],"replies":[{"embeddable":true,"href":"https:\/\/hareja.org\/index.php?rest_route=%2Fwp%2Fv2%2Fcomments&post=106"}],"version-history":[{"count":31,"href":"https:\/\/hareja.org\/index.php?rest_route=\/wp\/v2\/pages\/106\/revisions"}],"predecessor-version":[{"id":3153,"href":"https:\/\/hareja.org\/index.php?rest_route=\/wp\/v2\/pages\/106\/revisions\/3153"}],"wp:attachment":[{"href":"https:\/\/hareja.org\/index.php?rest_route=%2Fwp%2Fv2%2Fmedia&parent=106"}],"curies":[{"name":"wp","href":"https:\/\/api.w.org\/{rel}","templated":true}]}}